a + 746 = 0, 4*x - 601 = -3*a + 2*a. Suppose -4*i = -38*i + 4964. Let r = i - x. Let o(f) = f**2 + 5*f + 5. Determine o(r).
5
Suppose -87 = -20*m + 47*m - 492. Let c(k) = -k**2 + 11*k + 18. What is c(m)?
-42
Suppose 6*h = 9*h - 24. Suppose 27 = -h*a + 5*a. Let m(s) = s**2 + 9*s + 1. Calculate m(a).
1
Suppose -7 = -5*k + 4*x, -9*x - 11 = -4*k - 4*x. Let u(h) = 25*h + 9. Calculate u(k).
-16
Suppose -10*n - 6*n = -5*n + 55. Let f(q) = q**3 + 3*q**2 - 10*q - 4. Determine f(n).
-4
Suppose d - h + 21 = 0, 5*d + 29*h - 26*h + 57 = 0. Let y(k) = k**3 + 17*k**2 + 34*k - 14. Calculate y(d).
-74
Let b(m) be the third derivative of -m**4/3 - 2*m**2. Let a = -239 - -255. Suppose -9*h + 25*h = -a. Give b(h).
8
Suppose 7*u = 66 - 101. Let o(v) = -4*v**2 + 22*v - 18. Let x(t) = 3*t**2 - 15*t + 12. Let a(c) = u*o(c) - 7*x(c). What is a(-5)?
6
Suppose 0 = 3*y + 12, y - 3*y = 3*p - 1429. Let g = p - 482. Let a(r) = -2*r**3 - 3*r**2 + 3*r - 3. Calculate a(g).
15
Let x(r) = -r**3 + 11*r**2 - 10*r + 4. Suppose -2*n - 65 + 97 = -4*z, 5*n = -3*z + 41. Determine x(n).
4
Let x(d) = -10 - 5 - 55*d + 4 - 50*d + 106*d. Let a(i) = -i**2 + 7*i - 1. Let b be a(3). Give x(b).
0
Let g be -42*13/39*-1. Let j(v) = v**3 - 14*v**2 + 2*v - 36. What is j(g)?
-8
Suppose 8 = 2*g - 4*g. Let l(o) = 38*o + 9 - 29*o - 31*o + 24*o. Determine l(g).
1
Let j(y) = 9609 + 24*y - 19070 + 9124. Calculate j(14).
-1
Let v = 41459 + -41444. Let q(f) = f**3 - 15*f**2 + 6*f - 20. Determine q(v).
70
Let l(r) = 25*r**3 + 31*r**2 - 10. Let u(f) = -44*f**3 - 61*f**2 + 19. Let w(c) = -7*l(c) - 4*u(c). What is w(-27)?
-6
Let m(n) = -2 + 3*n + 6*n - 5*n - 5*n**2 + 6*n**3 - 1. Let t(z) = z**3 + 0*z**3 - 1 + 407*z + 0*z**3 - 406*z. Let p(a) = -m(a) + 5*t(a). Determine p(5).
3
Let y be 5/4 - 21/(-12). Let k(b) = -b + 1354*b**2 - 1355*b**2 - 10 + y - b**3. Give k(0).
-7
Let p(m) = 7*m**3 + 4*m**2 + 9*m - 6. Suppose -a - 9 = -2*u, 0 = 3*u - 2*a - 11 - 3. Let b(k) = -2*k**3 - k. Let w(q) = u*b(q) + p(q). Calculate w(4).
14
Let h be (6/(-4))/((-3)/4). Suppose -18 = -2*m - 4. Suppose -m = -h*g - 27. Let z(v) = -v - 11. Give z(g).
-1
Let k be -5*(11/(-6))/(55/(-66)). Let o(n) = 4*n - 5. Determine o(k).
-49
Suppose -2*i - 3*v = -6*i + 91, v = 5*i - 111. Suppose 0 = 5*y + i - 42. Let p(u) = -4 + 3*u + u**2 - 7 + y*u**2 + 4 + u**3. What is p(-5)?
-22
Suppose 96 = -3*h + 108. Let t be -2*12/h + 4. Let r(f) = -8*f - 2. Give r(t).
14
Let w = 155 + -70. Suppose 115 + w = -5*s - 4*o, 230 = -5*s + 2*o. Let h = s + 38. Let z(j) = j**3 + 6*j**2 + 4. Give z(h).
4
Let f(h) = -7*h**3 - 52*h**2 - 12*h + 7. Let n(u) = 5*u**3 + 38*u**2 + 11*u - 7. Let y(w) = -2*f(w) - 3*n(w). Give y(-4).
-53
Let u be -13 + 9 + (-3 + 3 - 380). Let l = 378 + u. Let k(r) = -r + 5. What is k(l)?
11
Let w(s) = s**2 + 7*s - 31. Let q be w(3). Let v(u) = -13*u + 2. Give v(q).
15
Let x(v) = -v**2 + 3*v - 2. Let k be 12/(-36) - (0 + 346/6). Let z = k - -8. Let h be (-9)/(-15) - 120/z. Determine x(h).
-2
Let h = 15 - 19. Let n(x) be the first derivative of x**5/20 + 5*x**4/12 + x**3/2 - 3*x**2/2 + 2*x + 6. Let f(l) be the first derivative of n(l). Give f(h).
1
Suppose -5*g - 510 = -5*n, -2*n + 4*g = -3*n + 117. Suppose n = 7*l + 21. Suppose l = -4*h + 20. Let v(z) = -z**2 - 1. Determine v(h).
-5
Let r be (80/(-12) + -2)/((-82)/(-123)) - 4. Let k(o) = -o**2 - 16*o + 11. Determine k(r).
-6
Let v(d) be the third derivative of -d**4/24 - 14*d**3/3 - 582*d**2. Calculate v(-7).
-21
Let h(j) = -7*j + 5*j + 17*j + 9*j - 15*j + 255. Determine h(-31).
-24
Let a(o) = -13*o**2 + 717*o - 107. Let r be a(55). Let w(j) = j**2 + 2. Calculate w(r).
11
Suppose -5*h = r - 3*h, 4*r + 3 = -5*h. Let l(d) = 26*d + 50. Give l(r).
-2
Let j(a) = 5*a - 188. Let x be j(38). Let m(u) = 4*u**2 + 2 - 53*u - 5*u**x - 46*u + 95*u. Calculate m(-7).
-19
Let o(y) be the third derivative of -7*y - 1/12*y**4 - 7/6*y**3 - 6*y**2 + 0 + 1/60*y**5. Calculate o(-3).
8
Let h(n) = -n**3 + 2*n**2. Let s(j) = 9*j**3 - 14*j**2 - 8*j + 1. Let b(c) = c**3 - 2*c. Let g(m) = 5*b(m) - s(m). Let z(f) = g(f) - 6*h(f). Calculate z(-3).
-31
Let l be 10 + 0 + (-1 - -1). Let m(t) be the first derivative of t**4/4 - 3*t**3 - 13*t**2/2 + t + 5691. What is m(l)?
-29
Let y be (-2)/5*(18 - -112)*-5. Let l(v) = -y + v - 2*v**3 + 126 + 131 - 3*v**2. Calculate l(-3).
21
Let w(c) = 57*c + 106. Let x(u) = 19*u**2 - 126*u - 210. Let l be x(8). Give w(l).
-8
Let k(z) = -8*z - 4*z**2 - 6*z**2 + 7*z + z**2 + 12*z**2 - 2. Let u(h) = -4*h**2 + 2. Let d(q) = 3*k(q) + 2*u(q). Determine d(6).
16
Let t(l) = 122 + 120 - 353 + 113 + 5*l - l. Calculate t(-6).
-22
Let d(p) = p**2 - 6*p - 1. Suppose 2336 = 6*w - 220. Let x = w - 423. Determine d(x).
-10
Let l(s) be the third derivative of s**5/20 + 11*s**4/24 + s**3/6 - s**2 + 141*s. Determine l(-5).
21
Let h(q) = 447*q - 4*q**2 + q**3 - 145*q - 145*q - 151*q + 6 + 3*q**2. Give h(5).
136
Let s(q) be the third derivative of q**5/60 - 2*q**3/3 + 114*q**2 - 4. Give s(2).
0
Let s(l) = -4 + 1 + 30039*l - 30038*l - 3. What is s(6)?
0
Let q(d) = 14*d**3 - 10*d**2 + 24*d**3 + 17*d**3 - 29*d + 37 - 54*d**3 - 17*d**2. What is q(28)?
9
Suppose -7*f - 4*g - 23 = -4*f, -2*f = -4*g - 18. Let m(k) be the first derivative of -k**2 + k - 7. What is m(f)?
3
Let s(p) = -27*p + 32. Let z(f) = -27*f + 37. Let m(g) = 5*s(g) - 6*z(g). Let a be m(2). Let w(v) = -v**3 - 10*v**2 - 10*v + 2. What is w(a)?
-46
Let w(r) = r**3 + 14*r**2 - 45*r - 56. Let f be w(-16). Let q = 146 - f. Let o(p) = p**2 + 13*p - 5. Calculate o(q).
-47
Let y(d) = d**2 - 9*d + 11. Let u(o) = -2*o**3 - 5*o**2 - 3*o - 2. Let x be u(-2). Suppose 11*i - 7*i - 196 = x. Let c be 86/10 - (2 + i/(-35)). Give y(c).
3
Let k(i) = -i**2 - 6*i + 51. Let g(n) = -2282*n + 9116. Let q be g(4). Give k(q).
-21
Suppose 11 = 2*h + 4*m + 31, -5*h = m + 77. Let k(s) = 2*s + 34. Calculate k(h).
2
Let z = 227/57 + -145/38. Let q(t) be the second derivative of 3*t + t**2 + 0 - z*t**3. What is q(9)?
-7
Let f(s) = -19*s - s**2 - 22*s + 0 + 1 + 37*s - 4. Give f(5).
-48
Suppose 4*s - 6*s = -182. Suppose -6 = 5*m - s. Suppose 0 = 4*y + 23 - 7, -b + m = -5*y. Let l(q) = q**2 + 3*q - 1. Calculate l(b).
-1
Let y(f) = -f**2 - 4*f + 5. Let r(p) = 3*p + 48. Let s be r(-15). Let w be (10/3*s)/2. Suppose -9*x - 22 = -w*x + 3*l, 4*x + 4*l + 24 = 0. Calculate y(x).
5
Suppose -2*w + 3*i - 5*i = 2, -5*i + 15 = 0. Let n(y) = -y**2 + 7*y + 6. Let p(k) = k**2 - 7*k - 6. Let s(d) = w*p(d) - 3*n(d). Give s(8).
-2
Let n(k) = 45 - 11 - 10 - 35*k**2 + 52 - 15138*k**3 + 64*k + 15139*k**3. Determine n(33).
10
Let w(k) = 11*k**3 - 6*k**2 + 15*k + 18. Let m(g) = -13*g**3 + 9*g**2 - 16*g - 14. Let x(z) = -6*m(z) - 7*w(z). What is x(13)?
10
Let t(m) = m - 12. Let n = -36 - -27. Let w be ((-12)/n)/((-12)/(-414)). Let z = w - 35. Determine t(z).
-1
Let p(o) be the second derivative of -o**5/20 - 3*o**4/4 - o**3/6 + o**2 + 4774*o. Suppose 3*u = 2*v - 27, 2*u = 2*v - 4 - 14. Determine p(u).
11
Let f(o) = -1 + 3 - 2 - 1 + 36*o. Let z = -42182 - -42181. Give f(z).
-37
Let w(b) = 6*b**2 + 71 - 45*b - 14*b**2 + 2*b**2 - 32*b. Let a(l) = l**2 + 15*l - 14. Let f(d) = 11*a(d) + 2*w(d). What is f(10)?
-2
Let l(z) = -z**2 + 7*z - 1 + 5 + 1. Let o = 3183 + -3176. Calculate l(o).
5
Suppose 3*y + 3*i + 24 = 0, 0*i - 21 = 2*y + 3*i. Let c(x) = 25*x - 10. Let w be c(1). Let o(s) = -3 + w*s + 21*s - 37*s. What is o(y)?
0
Let r = 26 + -24. Suppose -31 = -4*q - 23*v + 20*v, r*q = 3*v - 7. Let u(a) = -a**3 + 7*a**2 - 5*a - 1. Give u(q).
27
Suppose -r - 4 = -14. Let s(h) be the third derivative of -h**4/12 - 6698*h**2. Give s(r).
-20
Suppose -g + 2*g = 2*l + 18, -3*g + l = -49. Suppose 7*n = -n + g. Let q(u) = 2 - 3 - n*u + 4 - 4. Determine q(-4).
7
Let r(c) = c**3 + c**2 - 3*c - 1. Let z be (7 + -3 + -5)*-2. Suppose b + 26 = z*b. Let i = b - 28. Calculate r(i).
1
Suppose 4*g - 50 - 70 = 0. Let f = 3 - g. Let l = 23 + f. Let v(t) = -t**3 - 3*t**2 + 7*t + 5. Give v(l).
-7
Let v(m) = m + 170. Let c(b) = -b - 74. Let i(w) = 7*c(w) + 3*v(w). Calculate i(0).
-8
Let t(a) be the first derivative of 2*a**2 + 1/4*a**4 + 4/3*a**3 + a - 169. Let r(z) = -z**3 - 4*z**2 + 6*z + 2. Let d be r(-5). What is t(d)?
-2
Let c(u) = -9*u. Let v = -55 - -53. Let g be (v + -1 + 2)/1. Let k be (4/6)/(g - (-6)/18). What is c(k)?
9
Let q(h) = 2